- (-3)/15. Suppose -2*j = -2*d - 7 + 1, 2*j = x*d + 4. What is the remainder when 27 is divided by 25*(0 - j/(-10))?
7
Suppose -m + 4*m = -y + 39, -4*y + 60 = 4*m. Let w = -56 - -29. What is the remainder when (16/m)/((-3)/w) is divided by 5?
2
Let m = 14 - 12. Suppose 3*t + 2*w = -22, 3*t - m*w + 10 = 2*w. Let y(j) = -j**2 - 7*j + 6. What is the remainder when 33 is divided by y(t)?
9
Let b(y) = 2*y**2 - y - 1. Let v be b(2). Suppose v*w - 14 = 4*w. Calculate the remainder when 55 is divided by w.
13
Let d(y) = -y**2 - 9*y + 2. Let v be d(-8). Let c = v + -10. What is the remainder when (-129)/(-9)*(c + 3) is divided by 15?
13
Suppose 0 = -5*n + 5, -4*c = c + 2*n - 237. Calculate the remainder when c is divided by 1*(1 + 15 - 4).
11
Calculate the remainder when 298/12 - 7/(-42) is divided by 21.
4
Let x(n) = n**3 + 12*n**2 - 12*n + 9. Let k be x(-13). Suppose -32 = 4*q + 36. Let t = k - q. Calculate the remainder when 36 is divided by t.
10
Suppose 5*m = m + 16. Let l(j) be the third derivative of -j**5/60 + 11*j**4/24 - 5*j**3/6 - 4*j**2. What is the remainder when l(9) is divided by m?
1
Let r be (2/(-9) - 0) + 228/54. Suppose -26 + 10 = -4*f, 5*u + r*f - 86 = 0. What is the remainder when u is divided by 8?
6
Let a(j) = -40*j - 5. Suppose 9*c + 2 + 7 = 0. Calculate the remainder when 139 is divided by a(c).
34
Let p = 251 + -44. Calculate the remainder when p is divided by 57.
36
Let j = 160 - 153. Calculate the remainder when 34 is divided by j.
6
Suppose 3*p + 2*p - 15 = 0. Suppose p*w - 39 = 6. Let c(y) = 6*y**3 + y**2 - 4*y - 1. What is the remainder when c(2) is divided by w?
13
Let y(a) be the third derivative of a**5/6 + a**3/6 + 4*a**2. Let d = 0 - -6. Calculate the remainder when y(1) is divided by d.
5
Suppose 0 = 24*r - 22*r - 82. Suppose h = -3*h + 44. What is the remainder when r is divided by h?
8
Let h(p) = p**3 + 6*p**2 + 5*p + 7. Calculate the remainder when (-6)/72*-219 + 3/(-12) is divided by h(-5).
4
Let n(i) = -16*i**3 + 4*i**2 - i - 9. Let l(h) = -3*h**3 + h**2 - 2. Let a(q) = 11*l(q) - 2*n(q). What is the remainder when 6 is divided by a(2)?
2
Suppose -6*j + 106 + 128 = 0. Let h = -25 - -46. What is the remainder when j is divided by h?
18
Suppose 0 = -5*k + 6 + 14. Suppose -3*s + 2*o = -59, -14*s = -9*s - 3*o - 98. What is the remainder when s is divided by k?
3
Suppose 0 = -5*g + 4*a + 17, 5*g + 2*a + 0*a + 1 = 0. Calculate the remainder when 26 is divided by (9 - 1)/(1 + g).
2
Suppose 3*x - 19 = 2*c, c = -5*x - 4*c + 15. Let u = 36 - 17. What is the remainder when u is divided by x?
4
Suppose 72 = -110*f + 114*f. Calculate the remainder when (2 - 29/(-2))*2 is divided by f.
15
Let z = 547 - 495. Calculate the remainder when 99 is divided by z.
47
Let o be 150/4 + 0 + (-9)/6. Let t = o - 23. What is the remainder when 90 is divided by t?
12
Suppose -3*p - 9*p + 48 = 0. Calculate the remainder when 2829/27 + 34/(-9) + p is divided by 18.
15
Suppose 0 = -4*n + 2*c + 10, c - 5 = -3*n - 0*n. Suppose -4*h = -5*g + 130, -h - n*h = 4*g - 104. What is the remainder when g is divided by 9?
8
Let h(i) = 4 + i**2 - 6*i + 12*i - 6*i. Let m(w) = w**2 - 8*w - 4. Calculate the remainder when h(-5) is divided by m(10).
13
Suppose -36 = 9*d - 63. Suppose 2*x - 15 = -3*x. Suppose 0 = 5*r + 3*j - 7, 1 = x*r + 2*j - d. What is the remainder when r is divided by 2?
0
Suppose 5*q - 5*x = 735, 4*q = q - 4*x + 441. Let l = 85 + -48. What is the remainder when q is divided by l?
36
Let m(a) = -a**2 + 7*a - 6. Let g be (-5 + -7)*(-1)/2. Suppose -2*w = 2, -3*p = g*w - 4*w - 43. Calculate the remainder when p is divided by m(5).
3
Suppose -2*a + 149 = 7. What is the remainder when a is divided by 36?
35
Let d(z) = z**3 - 3*z**2 - 5*z - 7. Suppose -2*m = -m - 3*g - 17, 4*g + 21 = m. Calculate the remainder when d(m) is divided by 20/3*-7*(-21)/196.
3
Suppose 0 = -4*m - a + 18, 2 = -a - 0*a. Suppose -5*x + 26 = 3*i, 3*x = 2*i - m*i + 24. Calculate the remainder when i is divided by 4.
3
Suppose 10*i = -4*i + 140. Calculate the remainder when 117 is divided by i.
7
Suppose 3*k + 3*t = 60, -3*t + 3 - 33 = -2*k. Calculate the remainder when 78 is divided by k.
6
Let j be (-5)/(-2)*(-24)/(-20). Suppose 75 + 27 = j*z. What is the remainder when z is divided by 12?
10
Let n be (1/2)/(1/10). Let m = 0 + n. What is the remainder when 9 is divided by m?
4
Let a(b) = b**2 + 31*b - 64. Calculate the remainder when a(-34) is divided by 10.
8
Suppose -4*j + n + 0*n - 51 = 0, 4*j = 4*n - 60. Let f = j - 4. Let t = 38 + f. Calculate the remainder when 109 is divided by t.
21
Suppose 0 = 4*i + 18 - 18. Suppose -5*n - 16 = -4*b + 133, i = -b - 5*n + 6. What is the remainder when 91 is divided by b?
29
Suppose w + 2*w + 105 = 0. Let a = -24 - w. What is the remainder when 27 is divided by a?
5
Let l(w) = w + 7. Let p be l(-7). Suppose 3*d - 156 = -k - 3*k, -3*d = p. What is the remainder when k is divided by 14?
11
Suppose 0*q + 6 = 3*q. Let z = q + 8. Calculate the remainder when z is divided by 36/(-27)*54/(-12).
4
Calculate the remainder when (-7)/(-56)*-2*-92 is divided by 7.
2
Let a(l) = l**3 - 4*l**2 - 7*l - 7. Suppose 54*u = 67*u - 1040. What is the remainder when u is divided by a(6)?
11
Let t(z) = 3*z**2 - 40*z - 18. What is the remainder when 113 is divided by t(15)?
56
Suppose 3*b + 3 + 3 = 0. Let m be 2*(-1 + 1 - b). Let j(x) = 4*x - 3. What is the remainder when 49 is divided by j(m)?
10
Suppose 25*s - 20*s + 580 = 0. Let d = s - -178. Calculate the remainder when d is divided by 21.
20
Let y(a) = -a - 2*a**2 - 15 - 11*a + a**2 + 0*a. Let o be y(-9). Suppose 0 = -2*v + 36 + o. What is the remainder when 69 is divided by v?
21
Suppose 5*b = -3*u + 139, -2*b + 6*b + 5*u = 119. Suppose n - 14 = 5*s - 1, b = 2*n - 4*s. Let q = n - -14. What is the remainder when 106 is divided by q?
25
Suppose -f + 506 + 77 = 0. Calculate the remainder when f is divided by 15.
13
Suppose 2*y - 2*v = -y - 35, -3*v = 5*y + 71. Let t(p) = -3*p - 24. Calculate the remainder when 101 is divided by t(y).
11
Let s = 36 - 12. Suppose -124 = 2*p + s. Calculate the remainder when (-2)/(-4 + (-292)/p) is divided by 13.
11
Let p = 53 + -51. Calculate the remainder when 90/(-4)*(-4)/2 is divided by 2/(p/4*3/12).
13
Let n(s) = 2*s**3 - 3*s**2 - 6*s - 4. Let w be n(3). Let r = 45 - 31. Calculate the remainder when r is divided by (w/(-3))/(1/(-3)).
4
Suppose 4*m + 5*n = 12, 4*n + 17 - 1 = 0. Let t = m + 11. What is the remainder when t is divided by 7?
5
Let f(c) = 3*c**2 + c - 1. Let r be 1889/1 + -2 + 0. Calculate the remainder when (4/6)/(34/r) is divided by f(2).
11
Let m be (-5 - -4 - -2)*-1. Let l be 29 + 1 - (-2 - 0). Let d = l - m. What is the remainder when d is divided by 9?
6
Let n = -30 - -65. Suppose -4*z = -3*c + 15, -2 = -c + 4*z + 3. Suppose 10*d - 90 = c*d. What is the remainder when n is divided by d?
17
Let c = 1448 - 1407. What is the remainder when 409 is divided by c?
40
Suppose 4*r = -2 - 2, 0 = 4*u + 5*r - 23. What is the remainder when 52 is divided by u?
3
Suppose -75*c + 3408 = -1167. What is the remainder when 187 is divided by c?
4
Let c(b) = -b**3 + 63*b**2 - 177*b - 85. Calculate the remainder when 1137 is divided by c(60).
92
Let g(y) = 3*y**2 + y + 24. Let a be g(-7). Suppose a - 50 = 3*z. Let n = 26 + -13. What is the remainder when z is divided by n?
12
Suppose -y = 3*f - 7 - 20, -3*y = 5*f - 45. What is the remainder when 42 is divided by f?
6
Suppose 7*c + 55 = 790. What is the remainder when c is divided by 18?
15
Suppose 0 = -6*o - 31 + 229. Suppose -5*u + 47 = -o. What is the remainder when 56 is divided by u?
8
Calculate the remainder when (-16 - -250)*1/3 is divided by 14.
8
Suppose -4*z + t + 269 = 0, -5*z = -z + 2*t - 278. Suppose -3*d + 31 = 5*v - 11, 0 = -5*d - 5. Calculate the remainder when ((-11)/(-22))/(2/z) is divided by v.
8
Let q(c) = -c**3 - 3*c**2 + 5*c + 40. What is the remainder when q(-6) is divided by 15?
13
Let g(h) = -9*h - 111. What is the remainder when g(-18) is divided by 37?
14
Let j = -3 + 16. Let t = 34 + -39. Calculate the remainder when j is divided by (3 + t)/(4/(-14)).
6
Let h(x) be the third derivative of 5*x**4/24 - x**3 - x**2. What is the remainder when h(5) is divided by ((-112)/7)/(2 + -3) + -5?
8
Let d